2
What is -10 (base 3) in base 5?
-3
Convert -20 (base 11) to base 15.
-17
2 (base 11) to base 2
10
Convert 1 (base 4) to base 7.
1
Convert 163 (base 7) to base 9.
114
-13 (base 5) to base 2
-1000
37 (base 12) to base 11
3a
101011010 (base 2) to base 13
208
Convert -15 (base 11) to base 2.
-10000
-3 (base 14) to base 5
-3
Convert -11 (base 3) to base 7.
-4
Convert 23 (base 6) to base 11.
14
What is -56 (base 9) in base 7?
-102
Convert -7 (base 12) to base 14.
-7
Convert 542 (base 6) to base 2.
11001110
Convert -7 (base 13) to base 3.
-21
Convert -2 (base 3) to base 6.
-2
Convert -11 (base 6) to base 7.
-10
-7a (base 15) to base 5
-430
Convert 0 (base 16) to base 7.
0
87 (base 11) to base 16
5f
31 (base 5) to base 6
24
What is -26 (base 9) in base 15?
-19
What is 40 (base 6) in base 14?
1a
What is 1 (base 6) in base 7?
1
What is 21 (base 13) in base 4?
123
What is 56 (base 7) in base 6?
105
1001000 (base 2) to base 16
48
6 (base 14) to base 16
6
Convert 1 (base 12) to base 15.
1
What is 12 (base 3) in base 7?
5
What is 0 (base 3) in base 8?
0
-1201 (base 4) to base 15
-67
122 (base 4) to base 6
42
What is -4 (base 9) in base 13?
-4
What is 10 (base 10) in base 15?
a
-1 (base 5) to base 8
-1
What is -1 (base 2) in base 11?
-1
Convert 34 (base 10) to base 5.
114
What is 0 (base 8) in base 10?
0
What is -100111 (base 2) in base 4?
-213
-464 (base 7) to base 3
-22222
201 (base 4) to base 2
100001
What is 11 (base 6) in base 15?
7
Convert 0 (base 15) to base 14.
0
What is -101 (base 2) in base 15?
-5
What is -5 (base 16) in base 10?
-5
What is -3 (base 10) in base 16?
-3
1d8 (base 14) to base 11
321
Convert -46 (base 10) to base 7.
-64
What is -19 (base 13) in base 8?
-26
What is -6 (base 15) in base 16?
-6
-10 (base 3) to base 6
-3
Convert 19 (base 11) to base 5.
40
Convert -11 (base 10) to base 3.
-102
Convert 1 (base 4) to base 10.
1
What is 23 (base 10) in base 4?
113
What is 5 (base 8) in base 6?
5
Convert 24 (base 7) to base 3.
200
Convert 3 (base 13) to base 9.
3
What is -110110 (base 2) in base 12?
-46
-b (base 15) to base 14
-b
Convert -23 (base 6) to base 2.
-1111
What is -5 (base 14) in base 5?
-10
1 (base 6) to base 7
1
-1202 (base 4) to base 2
-1100010
120 (base 6) to base 9
53
Convert -44 (base 14) to base 9.
-66
What is -125 (base 6) in base 9?
-58
Convert 14 (base 9) to base 16.
d
What is 120 (base 4) in base 8?
30
Convert 425 (base 6) to base 12.
115
188 (base 13) to base 4
10121
Convert 22 (base 11) to base 2.
11000
Convert b1 (base 16) to base 4.
2301
What is 50 (base 7) in base 3?
1022
What is -11a (base 15) in base 5?
-2000
What is -90 (base 12) in base 7?
-213
Convert 5 (base 8) to base 2.
101
Convert 5 (base 11) to base 14.
5
-11 (base 2) to base 15
-3
What is -5 (base 6) in base 2?
-101
Convert 1 (base 4) to base 11.
1
213 (base 4) to base 7
54
4 (base 7) to base 10
4
What is 210 (base 7) in base 2?
1101001
-8 (base 10) to base 14
-8
Convert 103 (base 4) to base 6.
31
Convert -2 (base 11) to base 12.
-2
Convert -120021 (base 3) to base 4.
-12130
What is -10212 (base 3) in base 14?
-76
What is 1111 (base 2) in base 8?
17
What is 2e (base 16) in base 9?
51
What is 20 (base 5) in base 16?
a
Convert -276 (base 9) to base 7.
-450
2 (base 11) to base 13
2
6b (base 16) to base 9
128
24 (base 5) to base 10
14
Convert 10 (base 2) to base 3.
2
What is -a0 (base 12) in base 13?
-93
Convert c3 (base 16) to base 3.
21020
What is 24 (base 10) in base 8?
30
What is 202 (base 5) in base 13?
40
Convert -3 (base 9) to base 2.
-11
What is -354 (base 7) in base 11?
-15a
4 (base 7) to base 16
4
What is -5 (base 14) in base 9?
-5
What is 8 (base 12) in base 5?
13
What is -11 (base 16) in base 6?
-25
Convert 5 (base 13) to base 10.
5
What is -1 (base 6) in base 4?
-1
Convert 6 (base 8) to base 5.
11
7 (base 10) to base 13
7
What is -160 (base 9) in base 5?
-1020
Convert -de (base 16) to base 13.
-141
Convert -23 (base 14) to base 11.
-29
80 (base 15) to base 2
1111000
What is 2 (base 16) in base 4?
2
111111 (base 2) to base 3
2100
Convert -1 (base 10) to base 15.
-1
5 (base 13) to base 7
5
Convert 2 (base 13) to base 9.
2
What is -1a0 (base 15) in base 8?
-567
Convert -104 (base 6) to base 11.
-37
0 (base 8) to base 14
0
18 (base 15) to base 6
35
3 (base 13) to base 4
3
What is -3 (base 11) in base 10?
-3
6 (base 8) to base 15
6
What is 51 (base 11) in base 15?
3b
What is -9 (base 12) in base 11?
-9
Convert -1000 (base 2) to base 11.
-8
What is 25 (base 6) in base 14?
13
-5 (base 6) to base 10
-5
Convert 8 (base 15) to base 6.
12
What is -2 (base 9) in base 11?
-2
What is -3 (base 6) in base 3?
-10
What is 11 (base 4) in base 6?
5
What is 4 (base 10) in base 7?
4
What is -106 (base 8) in base 11?
-64
What is -10111 (base 2) in base 10?
-23
Convert 25 (base 9) to base 4.
113
What is -172 (base 12) in base 2?
-11100110
-2 (base 4) to base 13
-2
Convert -51 (base 12) to base 7.
-115
20 (base 4) to base 13
8
Convert 0 (base 9) to base 7.
0
What is 29 (base 10) in base 3?
1002
-21 (base 13) to base 4
-123
b (base 15) to base 12
b
What is -19 (base 15) in base 9?
-26
Convert -2 (base 7) to base 4.
-2
What is 11 (base 6) in base 3?
21
What is 12 (base 14) in base 8?
20
What is 1344 (base 5) in base 12?
168
What is 110 (base 2) in base 12?
6
What is 10 (base 10) in base 15?
a
What is -288 (base 12) in base 2?
-110001000
3 (base 4) to base 10
3
Convert 2443 (base 5) to base 14.
1c9
a5 (base 16) to base 11
140
-1d (base 16) to base 3
-1002
-12 (base 9) to base 2
-1011
-34 (base 16) to base 5
-202
What is -114 (base 5) in base 9?
-37
What is 10 (base 5) in base 7?
5
What is 1 (base 10) in base 15?
1
What is -3 (base 15) in base 12?
-3
6 (base 7) to base 16
6
What is 193 (base 11) in base 10?
223
What is 177 (base 9) in base 5?
1101
313 (base 7) to base 12
111
What is 221 (base 13) in base 5?
2430
15 (base 16) to base 13
18
Convert -1001101 (base 2) to base 5.
-302
What is -5 (base 11) in base 13?
-5
-23 (base 9) to base 14
-17
20 (base 15) to base 2
11110
What is 42 (base 15) in base 2?
111110
Convert -28 (base 9) to base 2.
-11010
What is 2 (base 11) in base 9?
2
Convert -2 (base 7) to base 8.
-2
-102 (base 3) to base 15
-b
Convert -100 (base 2) to base 14.
-4
Convert -7 (base 13) to base 16.
-7
Convert 1 (base 14) to base 3.
1
What is 2111 (base 3) in base 13?
52
1 (base 5) to base 9
1
What is b (base 15) in base 5?
21
Convert -4 (base 11) to base 5.
-4
What is -12 (base 5) in base 13?
-7
Convert 21 (base 9) to base 5.
34
0 (base 2) to base 16
0
What is -1 (base 15) in base 12?
-1
Convert 175 (base 8) to base 11.
104
Convert -5 (base 14) to base 7.
-5
Convert 156 (base 8) to base 15.
75
What is -1 (base 4) in base 7?
-1
Convert -21 (base 5) to base 16.
-b
Convert -65 (base 10) to base 8.
-101
Convert -164 (base 9) to base 11.
-117
1a (base 14) to base 7
33
Convert 21 (base 7) to base 11.
14
-3 (base 5) to base 6
-3
What is 7 (base 10) in base 4?
13
5 (base 15) to base 7
5
Convert -124 (base 7) to base 8.
-103
Convert -13 (base 7) to base 14.
-a
12 (base 4) to base 11
6
-4 (base 15) to base 10
-4
What is -30 (base 8) in base 3?
-220
What is 1 (base 14) in base 12?
1
What is 111 (base 2) in base 13?
7
What is 4 (base 8) in base 5?
4
Convert 3 (base 5) to base 9.
3
10011 (base 2) to base 3
201
What is -12 (base 16) in base 10?
-18
What is 30 (base 16) in base 6?
120
-103 (base 4) to base 2
-10011
What is -13 (base 15) in base 13?
-15
152 (base 8) to base 4
1222
What is -10 (base 10) in base 8?
-12
What is 4 (base 16) in base 6?
4
What is -1 (base 5) in base 14?
-1
What is 25 (base 16) in base 12?
31
What is -321 (base 6) in base 4?
-1321
0 (base 16) to base 4
0
What is -132 (base 4) in base 14?
-22
What is -5 (base 7) in base 12?
-5
Convert -7 (base 8) to base 13.
-7
Convert -3 (base 12) to base 15.
-3
What is 107 (base 11) in base 3?
11202
Convert 22 (base 5) to base 6.
20
19 (base 10) to base 3
201
-20 (base 15) to base 7
-42
What is -99 (base 14) in base 2?
-10000111
10 (base 4) to base 10
4
What is -1a7 (base 11) in base 6?
-1034
-3112 (base 4) to base 14
-114
Convert 5 (base 8) to base 14.
5
Convert 3 (base 9) to base 6.
3
-2 (base 10) to base 11
-2
11 (base 2) to base 9
3
What is -ca (base 15) in base 8?
-276
Convert 1 (base 13) to base 10.
1
Conver